22 and 1990?
398
Calculate the greatest common factor of 216 and 11493.
9
What is the highest common factor of 276 and 1191354?
138
What is the greatest common factor of 22009 and 117?
13
What is the highest common factor of 17763 and 372?
93
Calculate the greatest common divisor of 297 and 776677.
11
What is the highest common factor of 1661 and 517?
11
What is the highest common divisor of 41128 and 10088?
776
What is the highest common factor of 133 and 7030?
19
Calculate the highest common factor of 15249 and 442.
221
Calculate the highest common factor of 6396 and 5371.
41
Calculate the greatest common factor of 792 and 211824.
72
Calculate the highest common divisor of 9 and 38547.
9
Calculate the greatest common factor of 2390 and 125475.
1195
What is the greatest common divisor of 1672 and 2816?
88
What is the highest common divisor of 8 and 116124?
4
What is the greatest common factor of 42 and 10101?
21
Calculate the highest common factor of 667 and 1840.
23
Calculate the greatest common factor of 13536 and 8352.
288
What is the greatest common factor of 18004 and 876?
4
What is the greatest common divisor of 477 and 2565?
9
What is the greatest common divisor of 1881 and 5225?
209
Calculate the highest common divisor of 824780 and 6325.
1265
What is the greatest common divisor of 39 and 121875?
39
What is the highest common divisor of 55580 and 525?
35
Calculate the highest common divisor of 19 and 1250675.
19
Calculate the greatest common factor of 582 and 353274.
582
What is the highest common factor of 240 and 107160?
120
Calculate the highest common divisor of 19670 and 115772.
562
Calculate the highest common divisor of 27 and 10032.
3
What is the greatest common divisor of 162 and 5904?
18
What is the greatest common factor of 136 and 492082?
34
Calculate the greatest common divisor of 217279 and 33325.
1333
What is the greatest common factor of 7978366 and 19?
19
What is the greatest common factor of 4585 and 2236825?
655
What is the greatest common factor of 95 and 35473?
19
Calculate the highest common factor of 18527 and 582.
97
Calculate the greatest common divisor of 297122 and 14.
14
What is the highest common factor of 47016 and 144?
72
Calculate the highest common factor of 46 and 42205.
23
What is the greatest common factor of 3392 and 576?
64
What is the greatest common divisor of 2475 and 1771?
11
Calculate the highest common factor of 19363 and 323.
17
Calculate the highest common factor of 2493515 and 596.
149
What is the highest common factor of 259833 and 21?
21
What is the greatest common factor of 897 and 2622?
69
What is the highest common divisor of 84643 and 68?
17
Calculate the greatest common divisor of 38309 and 29.
29
What is the highest common factor of 61400 and 7200?
200
Calculate the greatest common divisor of 6259 and 18208.
569
Calculate the highest common divisor of 18 and 4974.
6
What is the greatest common factor of 4148 and 935?
17
Calculate the greatest common divisor of 268960 and 5.
5
What is the greatest common factor of 238 and 39865?
119
Calculate the greatest common divisor of 1689 and 276433.
563
What is the highest common divisor of 4 and 828532?
4
Calculate the highest common factor of 246 and 5124.
6
Calculate the highest common divisor of 591 and 164889.
591
Calculate the greatest common divisor of 1341 and 1233.
9
Calculate the greatest common divisor of 330 and 2166.
6
What is the greatest common factor of 51182 and 19782?
314
What is the highest common factor of 1308 and 2364?
12
What is the highest common divisor of 793 and 6264700?
793
What is the highest common divisor of 12 and 209252?
4
What is the greatest common factor of 315 and 293985?
45
Calculate the greatest common factor of 346200 and 600.
600
Calculate the highest common divisor of 1064 and 217.
7
What is the greatest common factor of 17172 and 35033?
53
Calculate the highest common factor of 2170 and 78554.
434
Calculate the greatest common divisor of 1992796 and 1976.
988
What is the highest common factor of 38 and 100643?
19
What is the highest common divisor of 118 and 6099538?
118
Calculate the highest common divisor of 188685 and 63.
63
Calculate the greatest common factor of 1779553 and 549.
61
Calculate the highest common factor of 70 and 261320.
10
What is the highest common divisor of 130 and 1730?
10
What is the highest common divisor of 1656 and 5336?
184
What is the highest common divisor of 6820 and 15455?
55
What is the highest common factor of 4 and 5147?
1
What is the highest common divisor of 116082 and 72?
18
Calculate the highest common divisor of 136 and 3512.
8
Calculate the greatest common divisor of 6646763 and 59.
59
Calculate the highest common divisor of 11877 and 56610.
111
What is the highest common factor of 40962 and 3?
3
What is the highest common factor of 665 and 41440?
35
Calculate the greatest common divisor of 7 and 137137.
7
What is the greatest common divisor of 6077 and 34196?
103
Calculate the greatest common factor of 705 and 115.
5
Calculate the greatest common factor of 79154 and 114.
38
Calculate the highest common divisor of 620 and 2110.
10
What is the greatest common divisor of 43708 and 196?
196
Calculate the highest common divisor of 447885 and 15.
15
Calculate the greatest common divisor of 13675 and 125.
25
Calculate the greatest common divisor of 12 and 122916.
12
Calculate the greatest common factor of 801 and 747.
9
Calculate the greatest common divisor of 116 and 9060934.
58
What is the highest common factor of 1668 and 189596?
556
What is the highest common factor of 3121929 and 172?
43
Calculate the highest common factor of 28 and 115682.
14
What is the highest common divisor of 27801 and 999?
9
What is the greatest common divisor of 75 and 307735?
5
What is the highest common divisor of 12660 and 16?
4
What is the highest common divisor of 2420484 and 264?
132
What is the highest common divisor of 14036 and 5684?
116
Calculate the highest common divisor of 72 and 57108.
12
What is the greatest common factor of 6980 and 9160?
20
What is the greatest common factor of 648230 and 284?
142
What is the greatest common factor of 128 and 592?
16
Calculate the highest common factor of 5800 and 222575.
725
What is the greatest common factor of 309016 and 361?
361
What is the greatest common factor of 102 and 13302?
6
Calculate the greatest common divisor of 53489 and 534.
89
What is the greatest common factor of 560 and 10304?
112
Calculate the greatest common divisor of 923 and 60931.
13
Calculate the highest common factor of 243 and 10665.
27
Calculate the greatest common divisor of 456 and 108.
12
Calculate the highest common divisor of 1881 and 1242351.
99
What is the highest common factor of 390946 and 94?
94
Calculate the highest common factor of 58 and 6027244.
58
Calculate the highest common divisor of 240 and 14340.
60
What is the highest common divisor of 4788280 and 980?
980
Calculate the greatest common factor of 424692 and 54.
18
What is the greatest common divisor of 107076 and 12?
12
Calculate the highest common divisor of 258 and 319834.
86
Calculate the greatest common divisor of 64 and 736.
32
What is the greatest common divisor of 149292 and 1485?
99
What is the highest common divisor of 42127 and 1636?
409
What is the greatest common divisor of 493000 and 17?
17
Calculate the greatest common factor of 8991 and 5883.
111
Calculate the highest common factor of 1952 and 221308.
244
Calculate the greatest common divisor of 572 and 37076.
52
Calculate the highest common divisor of 714 and 20434.
34
Calculate the greatest common divisor of 2295 and 7965.
135
Calculate the highest common divisor of 142098 and 66.
66
What is the greatest common divisor of 154349 and 6448?
403
What is the greatest common factor of 50454 and 18?
18
Calculate the highest common divisor of 129880 and 18190.
170
Calculate the greatest common factor of 44 and 3616492.
44
What is the greatest common divisor of 9982 and 310?
62
What is the greatest common divisor of 51 and 17295?
3
What is the highest common factor of 606 and 317?
1
Calculate the highest common factor of 10 and 1035110.
10
Calculate the greatest common divisor of 24065 and 45.
5
Calculate the highest common